{"id":20,"date":"2024-06-25T14:56:21","date_gmt":"2024-06-25T14:56:21","guid":{"rendered":"https:\/\/fotografia-krakow.com\/?page_id=20"},"modified":"2026-01-12T19:22:01","modified_gmt":"2026-01-12T19:22:01","slug":"oferta-2026-27","status":"publish","type":"page","link":"https:\/\/fotografia-krakow.com\/index.php\/oferta-2026-27\/","title":{"rendered":"Oferta 2026\/2027"},"content":{"rendered":"\n<p><strong>Pakiet MINI<\/strong><\/p>\n\n\n\n<p>600 z\u0142<\/p>\n\n\n\n<p>Zdj\u0119cia podczas uroczysto\u015bci w Ko\u015bciele lub USC<br>Zdj\u0119cia grupowe, \u017byczenia, Mini sesja<br>Minimum 100 zdj\u0119\u0107&nbsp; w galerii internetowej.<\/p>\n\n\n\n<p><strong>Pakiet MINI PLUS<\/strong><\/p>\n\n\n\n<p>1\u00a0000 z\u0142<\/p>\n\n\n\n<p>Zdj\u0119cia podczas uroczysto\u015bci w Ko\u015bciele lub USC<br>Zdj\u0119cia grupowe, \u017byczenia, Mini sesja, Zdj\u0119cia na Sali Weselnej.<br>Minimum 200 zdj\u0119\u0107&nbsp; w galerii internetowej.<\/p>\n\n\n\n<ul class=\"wp-block-list\"><\/ul>\n\n\n\n<p><strong>Pakiet BR\u0104ZOWY<\/strong><strong><\/strong><\/p>\n\n\n\n<p>2 000 z\u0142<\/p>\n\n\n\n<p>Ceremonia \u015blubna (ko\u015bci\u00f3\u0142, USC),<br>\u017cyczenia,<br>sesja plenerowa w dniu \u015blubu,<br>wesele do oko\u0142o 22:00,<br>Minimum 300 zdj\u0119\u0107 na pendrive i w galerii internetowej.<br>Wszystkie poddane autorskiej obr\u00f3bce.<\/p>\n\n\n\n<p><strong>Pakiet SREBRNY<\/strong><\/p>\n\n\n\n<p>3 000 z\u0142<\/p>\n\n\n\n<p>Przygotowania<br>b\u0142ogos\u0142awie\u0144stwo<br>ceremonia \u015blubna (ko\u015bci\u00f3\u0142, USC),<br>\u017cyczenia,<br>sesja plenerowa w dniu \u015blubu,<br>wesele do oczepin (oko\u0142o 1:00).<br>Minimum 500 zdj\u0119\u0107 na pendrive i w galerii internetowej.<br>Wszystkie poddane autorskiej obr\u00f3bce.<\/p>\n\n\n\n<p><strong>Pakiet SREBRNY PLUS<\/strong><\/p>\n\n\n\n<p>3 500 z\u0142<\/p>\n\n\n\n<p>Przygotowania,<\/p>\n\n\n\n<p>b\u0142ogos\u0142awie\u0144stwo,<br>ceremonia \u015blubna (ko\u015bci\u00f3\u0142, USC),<br>\u017cyczenia,<br>sesja plenerowa w dniu \u015blubu,<br>wesele do oczepin (oko\u0142o 1:00)<\/p>\n\n\n\n<p>Dodatkowa sesja zdj\u0119ciowa w cenie do wyboru narzecze\u0144ska lub \u015blubna w plenerze<\/p>\n\n\n\n<p>Minimum 500 zdj\u0119\u0107 na pendrive i w galerii internetowej.<br>Wszystkie poddane autorskiej obr\u00f3bce.<\/p>\n\n\n\n<p><strong>Pakiet Z\u0142oty<\/strong><\/p>\n\n\n\n<p>4 000 z\u0142<\/p>\n\n\n\n<p>Przygotowania,<\/p>\n\n\n\n<p>b\u0142ogos\u0142awie\u0144stwo,<br>ceremonia \u015blubna (ko\u015bci\u00f3\u0142, USC),<br>\u017cyczenia,<br>sesja plenerowa w dniu \u015blubu,<br>wesele do oczepin (oko\u0142o 1:00)<\/p>\n\n\n\n<p>Dwie dodatkowe sesje zdj\u0119ciowe w cenie narzecze\u0144ska I \u015blubna w plenerze<\/p>\n\n\n\n<p>Minimum 500 zdj\u0119\u0107 na pendrive i w galerii internetowej.<br>Wszystkie poddane autorskiej obr\u00f3bce.<\/p>\n\n\n\n<p><strong>Sesja Zdj\u0119ciowa<\/strong><\/p>\n\n\n\n<p>700 z\u0142<\/p>\n\n\n\n<p>Kilkugodzinna sesja plenerowa w innym dniu ni\u017c dzie\u0144 \u015blubu<br>Przy wyborze jednego z pakiet\u00f3w,<br>Minimum 50 zdj\u0119\u0107 na pendrive i w galerii internetowej.<br><br><br><\/p>\n\n\n\n<p><strong>Video Film<\/strong><\/p>\n\n\n\n<p>3 000 z\u0142<\/p>\n\n\n\n<p>Przygotowania<br>b\u0142ogos\u0142awie\u0144stwo,<br>ceremonia \u015blubna (ko\u015bci\u00f3\u0142, USC),<br>\u017cyczenia,<br>sesja plenerowa w dniu \u015blubu,<br>wesele do oczepin (oko\u0142o 1:00)<\/p>\n\n\n\n<p>Czas trwania filmu ok. 1 h, oraz teledysk 5 minut.<\/p>\n\n\n\n<p><strong>Dron<\/strong><\/p>\n\n\n\n<p>600 z\u0142<\/p>\n\n\n\n<p>-Uj\u0119cia domu Pani M\u0142odej i Pana M\u0142odego <\/p>\n\n\n\n<p>-Uj\u0119cia ko\u015bcio\u0142a i wyj\u015bcie z ko\u015bcio\u0142a<\/p>\n\n\n\n<p>&#8211; Zdj\u0119cie grupowe pod ko\u015bcio\u0142em lub sal\u0105 weseln\u0105<\/p>\n\n\n\n<p>-Uj\u0119cia sali weselnej i podjazd pod sal\u0119 weseln\u0105 <\/p>\n\n\n\n<p>Posiadamy uprawnienia i ubezpieczenie do latania DRONEM<\/p>\n","protected":false},"excerpt":{"rendered":"<p>Pakiet MINI 600 z\u0142 Zdj\u0119cia podczas uroczysto\u015bci w Ko\u015bciele lub USCZdj\u0119cia grupowe, \u017byczenia, Mini sesjaMinimum 100 zdj\u0119\u0107&nbsp; w galerii internetowej. [&hellip;]<\/p>\n","protected":false},"author":1,"featured_media":0,"parent":0,"menu_order":0,"comment_status":"closed","ping_status":"closed","template":"","meta":{"site-sidebar-layout":"default","site-content-layout":"","ast-site-content-layout":"default","site-content-style":"default","site-sidebar-style":"default","ast-global-header-display":"","ast-banner-title-visibility":"","ast-main-header-display":"","ast-hfb-above-header-display":"","ast-hfb-below-header-display":"","ast-hfb-mobile-header-display":"","site-post-title":"","ast-breadcrumbs-content":"","ast-featured-img":"","footer-sml-layout":"","theme-transparent-header-meta":"","adv-header-id-meta":"","stick-header-meta":"","header-above-stick-meta":"","header-main-stick-meta":"","header-below-stick-meta":"","astra-migrate-meta-layouts":"default","ast-page-background-enabled":"default","ast-page-background-meta":{"desktop":{"background-color":"var(--ast-global-color-5)","background-image":"","background-repeat":"repeat","background-position":"center center","background-size":"auto","background-attachment":"scroll","background-type":"","background-media":"","overlay-type":"","overlay-color":"","overlay-opacity":"","overlay-gradient":""},"tablet":{"background-color":"","background-image":"","background-repeat":"repeat","background-position":"center center","background-size":"auto","background-attachment":"scroll","background-type":"","background-media":"","overlay-type":"","overlay-color":"","overlay-opacity":"","overlay-gradient":""},"mobile":{"background-color":"","background-image":"","background-repeat":"repeat","background-position":"center center","background-size":"auto","background-attachment":"scroll","background-type":"","background-media":"","overlay-type":"","overlay-color":"","overlay-opacity":"","overlay-gradient":""}},"ast-content-background-meta":{"desktop":{"background-color":"var(--ast-global-color-4)","background-image":"","background-repeat":"repeat","background-position":"center center","background-size":"auto","background-attachment":"scroll","background-type":"","background-media":"","overlay-type":"","overlay-color":"","overlay-opacity":"","overlay-gradient":""},"tablet":{"background-color":"var(--ast-global-color-4)","background-image":"","background-repeat":"repeat","background-position":"center center","background-size":"auto","background-attachment":"scroll","background-type":"","background-media":"","overlay-type":"","overlay-color":"","overlay-opacity":"","overlay-gradient":""},"mobile":{"background-color":"var(--ast-global-color-4)","background-image":"","background-repeat":"repeat","background-position":"center center","background-size":"auto","background-attachment":"scroll","background-type":"","background-media":"","overlay-type":"","overlay-color":"","overlay-opacity":"","overlay-gradient":""}},"ngg_post_thumbnail":0,"_themeisle_gutenberg_block_has_review":false,"footnotes":""},"class_list":["post-20","page","type-page","status-publish","hentry"],"_links":{"self":[{"href":"https:\/\/fotografia-krakow.com\/index.php\/wp-json\/wp\/v2\/pages\/20","targetHints":{"allow":["GET"]}}],"collection":[{"href":"https:\/\/fotografia-krakow.com\/index.php\/wp-json\/wp\/v2\/pages"}],"about":[{"href":"https:\/\/fotografia-krakow.com\/index.php\/wp-json\/wp\/v2\/types\/page"}],"author":[{"embeddable":true,"href":"https:\/\/fotografia-krakow.com\/index.php\/wp-json\/wp\/v2\/users\/1"}],"replies":[{"embeddable":true,"href":"https:\/\/fotografia-krakow.com\/index.php\/wp-json\/wp\/v2\/comments?post=20"}],"version-history":[{"count":11,"href":"https:\/\/fotografia-krakow.com\/index.php\/wp-json\/wp\/v2\/pages\/20\/revisions"}],"predecessor-version":[{"id":1496,"href":"https:\/\/fotografia-krakow.com\/index.php\/wp-json\/wp\/v2\/pages\/20\/revisions\/1496"}],"wp:attachment":[{"href":"https:\/\/fotografia-krakow.com\/index.php\/wp-json\/wp\/v2\/media?parent=20"}],"curies":[{"name":"wp","href":"https:\/\/api.w.org\/{rel}","templated":true}]}}